.
-8
Let m = -10 - -15. Let a(n) = -n + 0 - 1 + 2*n. What is a(m)?
4
Suppose 5 = t, m + 0*m + 3*t = 16. Let y(w) = 5*w. Let n(f) = -2*f. Let q(g) = -8*n(g) - 3*y(g). Determine q(m).
1
Let g(t) = -t**2 - 3*t + 4. Let w = -8 + 37. Let y = w + -21. Let h = y + -12. Give g(h).
0
Let r = 87 + -91. Let q(o) = 4*o + 5. What is q(r)?
-11
Let p(j) = -10*j**3 - 32*j**2 + 4*j - 52. Let n(w) = 7*w**3 + 21*w**2 - 3*w + 35. Let x(g) = -7*n(g) - 5*p(g). Calculate x(-13).
2
Suppose 0 = -4*t - t - 3*b + 19, 5*b = t - 15. Let q(m) = -3*m**2 + 3*m. Let d(x) = 10*x**2 - 8*x. Let z(a) = 2*d(a) + 7*q(a). Calculate z(t).
0
Let j(o) = -3*o**2 + 4*o - 2. Let k(x) = -x**2 + x - 1. Let m(f) = -2*j(f) + 7*k(f). Let n(q) be the first derivative of m(q). Determine n(-4).
7
Let v(u) = -u**3 + u**2 - u + 1. Suppose -6*q + 2*q = -3*x - 12, -2*x = -4*q + 12. Calculate v(x).
1
Let u(v) = -v**3 - v**2 + 2*v. Let c be u(2). Let i(l) = -l**2 - 9*l - 12. Calculate i(c).
-4
Let n be 1*(-4 - -2 - 1). Let u(x) be the second derivative of -x**4/12 - 5*x**3/6 - 3*x**2/2 + x. What is u(n)?
3
Suppose -f - 4*f = 15, -f + 1 = -z. Let c be (-91)/35 - z/(-10). Let m(w) = -w**3 - w**2 + 5*w + 3. Calculate m(c).
6
Let o be 5*6/5*1. Let x be (2 - -1)*(-8)/o. Let g(m) = 8*m + 0 - 3 - 1 - 10*m. What is g(x)?
4
Let f(j) be the third derivative of -j**9/60480 - j**8/10080 - j**7/5040 - j**6/720 + j**5/20 + 5*j**2. Let y(g) be the third derivative of f(g). Give y(-2).
1
Let v(n) be the first derivative of n**2 - 9*n - 7. Calculate v(6).
3
Let d be 2/(-3 - -2) - -6. Let n(q) = -6 + 3 + 2*q + 0*q + q**3 - 3 - d*q**2. Suppose -3*z - z + 16 = 0. Calculate n(z).
2
Let a be (-4)/(-2) - (-5 - -2). Let f(q) = -5*q**2 - 2*q**3 - a + q - 2*q + q**3. What is f(-5)?
0
Let i(o) = -o**3 + 5*o**2 + 8*o - 2. Let r(w) = w**3 - 9*w**2 + 9*w - 2. Let l be r(8). What is i(l)?
10
Suppose -5*w - 2*m - 48 = 0, 0 = -2*w - m - 29 + 9. Let p = -3 - w. Suppose p*f = 1 + 4. Let n(d) = -4*d**3 + 2*d**2 - d. What is n(f)?
-3
Let l(w) = -4*w**2. Let x be l(1). Let g(s) = s - 1. Give g(x).
-5
Let f = -2 - -2. Let m(d) = -2 + f*d - 2*d + 9. Determine m(6).
-5
Let w(v) = 11*v + 4. Let j(h) be the second derivative of -44*h**3/3 - 33*h**2/2 + h. Let l(s) = -4*j(s) - 33*w(s). Give l(1).
-11
Let c be (4 + -5)*(-2)/(-2). Let f(o) = 3*o**2 + 6. Let z(p) = -p**2 - 1. Let a(u) = f(u) + 6*z(u). What is a(c)?
-3
Let a(c) = -c**3 - 3*c**2 - 1. Suppose -2*u - 5 = 1. Give a(u).
-1
Let f(q) = -q**3 + 5*q**2 - q + 3. Suppose 8*t + t - 45 = 0. Determine f(t).
-2
Let c(b) = -b**2 - 2 - b + 7*b - 6 + 5. Let i be ((-8)/6)/((-4)/12). What is c(i)?
5
Let w(b) = -2*b**2 - 3*b - 1. Let f(h) = -h**2 - 6*h + 7. Let m be f(-6). Let c = m - 9. Determine w(c).
-3
Suppose 9*w - 4*w = -10. Let y be (w/(-3))/(2/6). Suppose 4*j + 2*c - 12 = 0, -3*j + 3 = -y*j - 5*c. Let z(g) = -g**3 + 4*g**2 - 3*g - 3. What is z(j)?
-3
Let d(x) = -x + 10. Let o be (-3)/(((-15)/6)/5). Let b be (6/6)/(2/o). Suppose -2*t - 30 = -5*a + b*t, 0 = -3*a + t + 16. Give d(a).
5
Let v be (-1)/((-6)/(-7) + -1). Let g = v + -2. Let i(k) = k - 13 + 46 - 11 - 22. Calculate i(g).
5
Let c(u) = 6*u**2 - 3 - 4*u**3 - 4*u**3 + 7*u**3 + 7*u. Determine c(7).
-3
Let t(a) be the second derivative of a**4/12 + a**3 - a**2 - a. Let k be t(-7). Let o(u) = 3*u - 1. Let x(f) = -f. Let c(r) = -o(r) - 4*x(r). Calculate c(k).
6
Let q(p) = 8*p - 20. Let b(z) = -2*z + 4*z - 7 + z. Let t(r) = 14*b(r) - 5*q(r). Let u(m) = -m**3 - 6*m**2 + 6*m - 9. Let l be u(-7). What is t(l)?
-2
Let q be (1 - 1)/(0 - -2). Suppose 0 = 2*m - 1 - 3. Let b(j) = j - 2*j**2 - 2*j**2 + m + 3*j**2 - 2*j. Calculate b(q).
2
Let m(c) = -c - 1 + 0*c + 5. Let y = -5 - -6. Suppose -11 = p - 2*r, p + 5*r + y - 11 = 0. Calculate m(p).
9
Let r(a) be the first derivative of 3*a**4/4 + 4*a**3 - 8*a**2 - 18*a - 1. Let k(t) = 2*t**3 + 8*t**2 - 11*t - 12. Let u(n) = 7*k(n) - 5*r(n). Calculate u(-4).
-6
Suppose -2*s - 3 + 5 = 0. Let r = 4 - 1. Let b(f) = f - r*f - f. Calculate b(s).
-3
Let f be ((-2)/(-2))/((-1)/(-2)). Suppose 2*t + 3 = 4*w - t, f*w + 1 = -t. Let b(i) be the third derivative of -i**5/60 + i**4/24 + i**3/3 - i**2. What is b(w)?
2
Suppose -2*i + m + 4 = 0, 3*i - 1 = -2*i - 2*m. Let p = -1 - i. Let n(t) be the first derivative of t**3/3 - t**2/2 - 2*t + 40. What is n(p)?
4
Let r(a) = -4 - 20*a + 15*a + 2 + 7*a. Let h(z) = z**2 + 1. Let y be h(2). Determine r(y).
8
Let r(a) be the second derivative of -a**7/840 + a**6/360 + a**5/30 + a**4/24 - 2*a**3/3 - 4*a. Let w(o) be the second derivative of r(o). Determine w(3).
-5
Let c(z) = -7*z + 0 - 1 - 1. Let u(k) = k**3 - 4*k**2 + 2*k - 10. Let j be u(4). Calculate c(j).
12
Let k(g) = -g**2 + 8*g - 3. Let x be k(5). Suppose 0 = -3*l + 3 + x. Suppose l*v - 21 + 1 = 0. Let f(j) = j**2 - 2*j - 2. Determine f(v).
6
Suppose -4*t + 71 - 11 = 0. Let b be t + -1 + 0/2. Suppose -2*o = -2*v + v - 5, 5*o = 4*v + b. Let h(k) = -k + 1. Calculate h(o).
-1
Let z be (-7)/5 - 56/(-140). Let c(f) = 2*f - f - 4*f. Calculate c(z).
3
Suppose 8 = 8*w - 4*w. Let i(o) = 49*o + 7 - 2 - o**3 - 55*o - 7*o**w. Determine i(-6).
5
Let h(u) = -u**2 - 7*u. Let q(d) = -d**2 - 4*d - 2. Let f be q(-5). Calculate h(f).
0
Let g be (-1)/((-3)/12) - 0. Suppose 0 = g*t - 9*t. Let j(c) = c + 9. What is j(t)?
9
Let h = -3 + 0. Let f(c) = 6*c + 2*c**3 + 3*c**2 - 8*c - 3 - c**3 + 0*c**3. What is f(h)?
3
Let i(u) = u**2 - 2*u - 1. Let t(s) be the first derivative of 3*s - 1/2*s**2 - 1/4*s**4 + 1 + 1/3*s**3. Let j be t(0). Determine i(j).
2
Suppose 9*g = -9*g + 108. Let v(z) be the third derivative of -z**4/24 - 2*z**3/3 + z**2. Determine v(g).
-10
Let l(o) = -8 + 4*o + 2 - 4*o - o**3 - o - 5*o**2. Give l(-5).
-1
Let b be (-3)/(-2)*28/(-6). Let a = 11 + b. Let j(f) = -3*f + 7 + a*f - 2*f - 1. Calculate j(4).
2
Let o = 16 - 10. Suppose 3*q + 2*l = 7, q - o*q + 4*l = 3. Let s(j) be the first derivative of -3*j**3 + j**2/2 - j + 1. Calculate s(q).
-9
Let w(q) = -q + 2. Suppose 0 = n - 3*n. Suppose r - 6*r = n. What is w(r)?
2
Suppose 2*a + 0*a = 0. Suppose -3*p + 4*l + 28 = 0, 26 - 6 = 4*p - l. Let x(j) = 4*j + a*j - p - 4*j + j. What is x(5)?
1
Let r be (-80)/(-4) + 9/3. Let g(j) = 46 - 23 - r + 2*j. Give g(4).
8
Suppose 5*p - p + 4*g + 8 = 0, 4*g = -2*p - 6. Let v(l) = -8*l. What is v(p)?
8
Suppose -4*a + 10 = 2*t - t, 0 = -4*a + 2*t + 4. Let h(d) = 4*d. Give h(a).
8
Let w(p) = p + 2. Let z(b) = b**2 - b - 2. Let h be z(2). Let y be w(h). Suppose 0 = o + o + y. Let l(q) = 5*q**2 - q. Calculate l(o).
6
Suppose 0 = 3*t + 2*t - 10. Let o = t + -2. Let h(k) = 1 - k**3 - 2 + o*k**3. Give h(-1).
0
Let y(i) = -3*i**3 + 14*i**2 - 8*i - 10. Let g(c) = c**3 - 5*c**2 + 3*c + 3. Let k(o) = 11*g(o) + 4*y(o). Give k(0).
-7
Suppose 4*v - 3 = v. Let c(p) be the first derivative of -p**2/2 + p - 1. Let i(o) = -2*o. Let d(z) = v*i(z) - 3*c(z). Determine d(-3).
-6
Let x(a) be the second derivative of a**3/6 - a**2/2 - 2*a. Suppose -3*t - 2*t = -20. Let n be 4/(-18) - t/(-18). Calculate x(n).
-1
Let c(r) = -r**2 + r + 4. Let y be c(0). Let h(w) be the second derivative of -w**3/6 - w**2 + 5*w. Determine h(y).
-6
Let y(k) = -k**2 - 3*k. Let o(g) = -g + 14. Let d be o(6). Let r = -11 + d. Calculate y(r).
0
Let l(z) be the first derivative of -z**4 - 3*z**3 - 3*z**2/2 - 8*z - 1. Let t(f) = -5*f**3 - 10*f**2 - 2*f - 9. Let v(q) = 4*l(q) - 3*t(q). Give v(-5).
0
Let d be ((-6)/5)/(2/10). Let p = 9 + d. Let b(m) be the first derivative of 2*m**3/3 - 3*m**2/2 - m - 2. What is b(p)?
8
Let w(g) = -g - 6. Let x be (0 - 2/4)*0. Calculate w(x).
-6
Let g(t) = 1 + 4 - t + 3*t. Suppose 0 = 3*p - 4 - 8. Calculate g(p).
13
Let o(t) = t**2 + t - 7. Let r be o(-5). Suppose 36 = -b - b. Let y = r + b. Let i(w) = w**3 + 6*w**2 + 4*w - 4. Determine i(y).
1
Let v(f) = -f - f**3 + 1 - 4*f**3 + 0*f. Let g = -10 - -10. Suppose 4*w + 1 - 5 = g. Determine v(w).
-5
Let g(p) = -p**3 - 17*p**2 - 5*p - 11. Let n(o) = o**3 + 16*o**2 + 6*o + 11. Let s(u) = 5*g(u) + 6*n(u). Give s(-10).
1
Let z(i) = -i + 3. Let b = -1 - -4. Let j be z(b). Let n(w) = w + 1. Calculate n(j).
1
Let w be 4/(-3)*(-9)/6. Let b be w*-29 + -3 + 1. Let n be (-6)/(-4)*b/(-18). Let p(g) = -g**2 + 4*g + 1. What is p(n)?
-4
Suppose -3*u = -4*l + 10, u - 5 = -5*l - 2. Let r = u - -2. Let i(y) = -2*y**2 + 3*y**2 - 7*y + 6*y +